) = 28*v - 152. What is t(6)?
16
Let r(j) = -j**2 + 22*j - 53. Calculate r(19).
4
Let s(d) = -d - 7. Calculate s(7).
-14
Let z(v) = -2*v - 10. Determine z(-2).
-6
Let q(x) = 14*x - 114. Determine q(8).
-2
Let q(a) = -a**2 + 5*a - 8. Give q(7).
-22
Let g(a) = -a**2 - 22*a - 60. Give g(-19).
-3
Let i(m) = m**3 + 14*m**2 - 10. What is i(-14)?
-10
Let l(p) = 52*p + 9. Give l(-1).
-43
Let u(i) = i**3 - 20*i**2 - 20*i - 14. Give u(21).
7
Let n(k) = 3*k + 1. Calculate n(1).
4
Let c(k) = 27*k**3 - 1. Calculate c(1).
26
Let q(f) = f**2 + 9*f - 30. What is q(3)?
6
Let f(s) = -s**3 + s**2 + 3*s + 3. Give f(3).
-6
Let n(a) = -a**2 - 47*a - 138. What is n(-3)?
-6
Let v(w) = -3*w - 9. Determine v(-6).
9
Let z(n) = 5*n**3 + n. What is z(1)?
6
Let p(i) = 3*i - 13. Calculate p(6).
5
Let q(f) = 2*f**2 + 14*f - 65. Determine q(-10).
-5
Let f(q) = -106*q - 98. Give f(-1).
8
Let k(v) = -v**3 + 31*v**2 - 32*v + 47. Calculate k(30).
-13
Let z(c) = 2*c + 22. Calculate z(-17).
-12
Let j(u) = -14*u + 5. Calculate j(3).
-37
Let h(a) = -a**2 + 6*a + 22. Give h(9).
-5
Let p(d) = -d**3 - 20*d**2 + d + 16. What is p(-20)?
-4
Let j(q) = q**3 - 34*q**2 + 2*q - 65. Calculate j(34).
3
Let j(y) = y + 7. Give j(-5).
2
Let b(t) = t**3 - 3*t**2 - 7*t - 9. Determine b(5).
6
Let f(x) = -7*x**2 + 43*x - 30. Calculate f(5).
10
Let j(l) = -l**2 - 23*l - 122. Calculate j(-11).
10
Let c(n) = n**3 - n - 15. Give c(0).
-15
Let q(n) = -2*n - 5. Determine q(-8).
11
Let b(a) = a**2 - 9*a + 24. Determine b(7).
10
Let a(s) = 3*s**3 - 7*s**2 - 6*s - 2. Give a(3).
-2
Let a(n) = n**3 - 6*n**2 - 2*n + 8. What is a(6)?
-4
Let u(z) = z**3 - 12*z**2 + 18*z + 23. Calculate u(10).
3
Let l(q) = -q**3 + 3*q**2 + 4*q - 4. Determine l(4).
-4
Let o(t) = t**2 - 9*t + 5. What is o(6)?
-13
Let h(f) = -53*f**2 - 263*f + 9. Determine h(-5).
-1
Let l(r) = 12*r + 57. Determine l(-7).
-27
Let p(t) = t + 16. Give p(-11).
5
Let j(t) = -3*t. Calculate j(-1).
3
Let t(u) = -u**3 - 5*u**2 + 8*u + 15. Give t(-6).
3
Let b(p) = -p**3 - 6*p**2 - 5*p - 1. What is b(-4)?
-13
Let s(w) = w. Give s(3).
3
Let q(y) = y**2 + 91*y - 471. Give q(-96).
9
Let p(w) = -2*w**2 + 15*w + 15. Give p(12).
-93
Let o(u) = -3*u - 10. What is o(4)?
-22
Let j(r) = 7*r + 11. What is j(-3)?
-10
Let m(s) = -5*s**2 - 5*s + 4. Calculate m(1).
-6
Let d(a) = -14*a - 5. Calculate d(-2).
23
Let h(i) = -4*i + 3. What is h(1)?
-1
Let w(b) = -8*b**2 - 57*b - 13. Give w(-7).
-6
Let p(z) = z**2 + 4*z + 8. Determine p(-6).
20
Let q(s) = 7*s - 1. Give q(-6).
-43
Let n(r) = -r**3 - 2*r**2 + r + 2. Determine n(2).
-12
Let j(m) = -m**3 - 4*m**2 + 10*m - 3. Determine j(-5).
-28
Let x(h) = h**2 - 27*h - 5. What is x(27)?
-5
Let n(v) = -v + 68. Calculate n(-8).
76
Let b(i) = -i**3 + 12*i**2 + 5*i - 15. What is b(12)?
45
Let x(a) = a**3 + 6*a**2 - 30*a - 31. Give x(-9).
-4
Let m(p) = 3*p**3 + 2*p - 13. Determine m(2).
15
Let v(t) = t**3 - 20*t**2 - t + 31. Give v(20).
11
Let s(t) = -6*t - 56. Give s(-9).
-2
Let j(v) = 15*v - 2. What is j(1)?
13
Let l(f) = -f**3 - 13*f**2. Give l(-13).
0
Let k(y) = y**3 - 7*y**2 - 18*y - 10. Give k(9).
-10
Let a(r) = -r**2 - r + 3. Calculate a(2).
-3
Let d(j) = -j + 26. Determine d(-5).
31
Let a(l) = -l**3 - 13*l**2 - 11*l + 13. Calculate a(-12).
1
Let k(c) = c**3 + 24*c**2 + 2*c + 54. Determine k(-24).
6
Let w(v) = -v**2 + 20*v - 13. Calculate w(17).
38
Let r(n) = 4*n**2 - 9*n - 15. What is r(-4)?
85
Let f(d) = 12*d**3 - d**2 - d - 1. Give f(-1).
-13
Let h(p) = -p**3 + 8*p**2 - 10*p + 5. Give h(7).
-16
Let j(b) = -3*b - 28. What is j(-8)?
-4
Let y(a) = a**2 - 15*a - 8. Determine y(14).
-22
Let i(c) = 2*c - 22. Determine i(11).
0
Let m(w) = w**2 + 12*w - 124. Calculate m(-18).
-16
Let l(q) = 21*q**3 - q**2 + q - 1. Give l(1).
20
Let k(g) = g**3 + 2*g**2 - g + 8. Give k(-4).
-20
Let k(o) = -6*o**2 + 2*o. Give k(-1).
-8
Let t(k) = -2*k**2 - 3*k + 7. What is t(2)?
-7
Let k(v) = -v**3 + 19*v**2 + 22*v - 45. Give k(20).
-5
Let f(w) = 5*w + 2. Calculate f(-6).
-28
Let k(c) = 2*c**2 - 17*c + 12. Give k(7).
-9
Let y(z) = -4*z - 33. What is y(-6)?
-9
Let v(i) = i + 5. Give v(4).
9
Let f(a) = a**3 + a**2 - 8. Give f(0).
-8
Let i(q) = -q + 2. Give i(6).
-4
Let b(q) = 4*q + 12. What is b(3)?
24
Let q(v) = 2*v**2 + 17*v + 25. Give q(-6).
-5
Let r(s) = s**2 - 13*s + 30. Calculate r(11).
8
Let r(k) = -k**3 - 18*k**2 + k + 23. What is r(-18)?
5
Let k(i) = -4*i**2 + 14*i + 8. Determine k(4).
0
Let t(v) = -v**3 - 5*v**2 + 17*v + 3. Calculate t(-7).
-18
Let s(q) = q**3 - 5*q**2 + q - 29. What is s(6)?
13
Let o(i) = -18*i - 273. What is o(-16)?
15
Let j(m) = -m**3 - 4*m**2 + 8*m + 5. Determine j(-5).
-10
Let g(l) = -l**2 + 6*l + 7. Calculate g(6).
7
Let f(y) = -y**2 - 17*y - 4. Give f(-16).
12
Let t(r) = -5*r**2 - r + 1. Calculate t(2).
-21
Let n(p) = 39*p + 816. Calculate n(-21).
-3
Let i(p) = -6*p + 9. What is i(7)?
-33
Let b(j) = -3*j - 3. What is b(-8)?
21
Let j(p) = 2*p**2 - 5*p + 4. Determine j(4).
16
Let j(r) = -r**2 + 15*r - 4. Determine j(12).
32
Let n(z) = -z**3 - 5*z**2 - 3*z. Calculate n(-6).
54
Let s(q) = -2*q + 8. What is s(-5)?
18
Let o(p) = -p**3 - 4*p**2 + 8*p + 6. Determine o(-5).
-9
Let t(q) = -q**3 - 16*q**2 + 31*q - 75. Determine t(-18).
15
Let x(a) = -a - 42. Give x(8).
-50
Let x(q) = -60*q + 15. What is x(-1)?
75
Let o(t) = t - 2. What is o(-1)?
-3
Let t(h) = -20*h**3 - h**2 - 2*h - 1. What is t(-1)?
20
Let z(c) = 11*c**2 + 72*c - 72. Give z(1).
11
Let n(j) = j**3 - 19*j**2 - 21*j + 26. Give n(20).
6
Let c(b) = 14*b - 80. Determine c(5).
-10
Let j(x) = 4*x - 3. Determine j(-10).
-43
Let y(a) = 19*a**3 + a**2 - 1. Determine y(-1).
-19
Let j(q) = q**3 + 24*q**2 + 5. What is j(-24)?
5
Let r(u) = u**2 - 11*u - 15. What is r(7)?
-43
Let n(s) = 24*s - 90. Determine n(4).
6
Let m(j) = 29*j - 3. Determine m(2).
55
Let h(c) = c**3 - c - 14. Give h(0).
-14
Let q(z) = -4*z. Determine q(1).
-4
Let b(n) = n**2 + 15*n + 16. Calculate b(0).
16
Let t(x) = -x**3 + 17*x**2 - 18*x + 22. Give t(16).
-10
Let u(f) = -2*f**2 + f + 12. Determine u(-4).
-24
Let r(g) = -3*g**2 - 25*g + 12. Give r(-9).
-6
Let n(p) = -3*p - 17. What is n(-5)?
-2
Let k(m) = -m**2 - 6*m - 3. Determine k(-5).
2
Let j(u) = u**2 - 6*u - 102. What is j(0)?
-102
Let a(m) = m + 29. What is a(0)?
29
Let x(c) = -c**3 + 3*c**2 + c + 3. Determine x(4).
-9
Let q(n) = -5*n + 24. Determine q(4).
4
Let f(i) = i**2 - 4*i - 8. Give f(6).
4
Let n(d) = 2*d**2 - 14. Determine n(-4).
18
Let k(s) = s**3 + 3*s**2 + 4*s + 3. Determine k(-2).
-1
Let n(z) = -z**3 + 7*z**2 + 3*z - 5. Give n(7).
16
Let z(t) = t**2 + 31*t - 212. What is z(-37)?
10
Let b(j) = -j**2 + 10*j + 35. Give b(18).
-109
Let b(m) = m**3 - 7*m**2 - 5*m + 29. Determine b(7).
-6
Let l(x) = -x - 10. What is l(-3)?
-7
Let x(y) = y - 8. What is x(-6)?
-14
Let h(v) = -v**2 + 39*v - 224. Give h(32).
0
Let f(z) = -z**3 - z**2 - 7*z - 8. Give f(-4).
68
Let t(x) = -47*x - 2. What is t(0)?
-2
Let k(n) = -n**2 + 17*n + 16. Determine k(18).
-2
Let u(j) = 8*j - 28. Calculate u(6).
20
Let b(d) = 24*d - 24. Determine b(1).
0
Let b(j) = -3*j - 3. What is b(-5)?
12
Let d(z) = 4*z. Calculate d(9).
36
Let z(r) = 2*r**2 - 6*r. Calculate z(3).
0
Let k(j) = -7*j**2 + 4*j + 6. Give k(-2).
-30
Let z(m) = m**3 - 18*m**2 + m - 6. Determine z(18).
12
Let w(n) = 5*n + 77. What is w(-19)?
-18
Let h(j) = -23*j**3 - j - 1. What is h(-1)?
23
Let t(a) = a**2 + 4*a + 7. Calculate t(-9).
52
Let f(q) = 2*q**2 + q - 4. Give f(6).
74
Let g(n) = -2*n**2 - 2*n - 2. Give g(5).
-62
Let p(r) = -r**2 - 5*r + 299. Determine p(15).
-1
Let k(g) = g**3 - 3*g**2 - 3*g - 13. Calculate k(5).
22
Let r(k) = k**3 + 13*k**2 + 10*k - 8. What is r(-12)?
16
Let k(w) = w + 7. Calculate k(8).
15
Let a(m) = -m**3 - 17*m**2 - 12*m + 63. Give a(-16).
-1
Let r(l) = -l**3 + 10*l**2 - 7*l - 10. What is r(9)?
8
Let f(o) = -8*o - 99. Determine f(-13).
5
Let f(n) = n**3 + 13*n**2 + n - 14. Give f(-13).
-27
Let r(k) = 2*k + 11. What is r(-9)?
-7
Let h(q) = -64*q**2 + q. Calculate h(-1).
-65
Let s(j) = 12*j - 32. Determine s(2).
-8
Let m(u) = -u**3 - 7*u**2 + 7*u - 4. Calculate m(-8).
4
Let w(p) = -p**2 + p + 11. Determine w(-3).
-1
Let o(i) = i**3 + 8*i**2 + 9*i + 17. Determine o(-8).
-55
Let u(i) = i + 5. Calculate u(-14).
-9
Let u(h) = -22*h**2 + 4*h + 5. What is u(-2)?
-91
Let v(d) = -d**2 - 29*d - 12